eatest common factor of y and h.
23
Let g(v) = 0*v**2 + 4*v + v**2 + 0*v**2 + 10 - 20. Let o be g(-6). Calculate the greatest common divisor of o and 8.
2
Let g be ((-3)/(-12)*-21)/(135/(-1800)). Let r(m) = -5*m - 5. Let t be r(-8). Calculate the highest common factor of g and t.
35
Let z(f) = -f**3 - 11*f**2 + 4. Let v be z(-11). Suppose 0 = -2*l + v*l - 116. What is the greatest common divisor of l and 87?
29
Let h be (45/4)/(87/464). Let k be (-2 + 12)*(0 + 1). Let o be (36/k)/(8/h). What is the highest common factor of o and 27?
27
Let t be (-2 + 2)*(-1)/(-2) + 5. Calculate the greatest common factor of t and 5.
5
Suppose h - 14 = b, 2*h + 2*b = -h + 67. Suppose 0 = -2*x - 10, -8*a + x - 6 = -9*a. Suppose a*q = 14*q - 57. What is the greatest common factor of h and q?
19
Let a(l) = -2*l - 5. Let r be a(-6). Let k be 1/(1122/(-282) + 4). Suppose -42*h - 140 = -k*h. Calculate the highest common divisor of r and h.
7
Let m = 86 + -77. Let o be 205 + -5 + (-1 - 1)/1. What is the highest common divisor of m and o?
9
Let n = 5 + 1. Suppose n + 0 = -g + 5*r, -r = 5*g - 22. Suppose 2*i = g, -2*i = -2*y - 3*y + 56. What is the greatest common factor of y and 6?
6
Let r be (-80 + 81)/(1 - 1160/1161). What is the highest common divisor of 81 and r?
27
Suppose -4*w - z + 8 + 25 = 0, 0 = 4*w + 5*z - 21. Suppose w*t - t - 160 = 0. What is the highest common factor of 160 and t?
20
Suppose -8 = -3*k + 4. Suppose 52 = k*u - 28. What is the greatest common divisor of u and 50?
10
Let t be (-14 - 1)*(-14 + 8). Suppose -q = -4*q - 2*p + 270, -t = -q - 2*p. Calculate the highest common factor of q and 36.
18
Let g = -729 + 761. Let k be 1/((-1)/(-7) + 0). Suppose -3*v + k*v = 16. Calculate the highest common factor of v and g.
4
Let k = 7 - 5. Let p = k - 1. Let u be (-25 + p)*(-2)/6. Calculate the greatest common divisor of u and 8.
8
Let b(n) = n**3 - 5*n**2 + 3*n + 12. Let w be b(4). Suppose -4*g = -w*g + 36. What is the highest common divisor of 1 and g?
1
Suppose 3*b - 104 - 16 = -5*f, -3*b - 48 = -2*f. Calculate the greatest common factor of f and 24.
24
Suppose 23*g + 280 = 28*g. Let u = g + 8. What is the highest common factor of 8 and u?
8
Suppose 3*g + 2*g + 2*l = -10, 2*g = 4*l + 20. Suppose 25 = 3*k + 3*s - 35, g = -4*k + s + 90. What is the greatest common factor of 22 and k?
22
Let d(y) = y**3 - 5*y**2 - 15*y + 32. Let f be d(9). Calculate the highest common factor of 119 and f.
17
Let a = -412 - -424. Let n = 11 + -7. Suppose n*s - 19 = -3. Calculate the highest common factor of s and a.
4
Let z = -100 + 105. Calculate the greatest common factor of 65 and z.
5
Suppose -2808 = 21*f - 48*f. Calculate the greatest common factor of 52 and f.
52
Let n be (-5 + 3)/((-2)/(-148)). Let d(p) = -p - 98. Let y be d(0). Let o = y - n. Calculate the highest common divisor of o and 10.
10
Let m(f) = f**3 - 15*f**2 - 3*f + 57. Let k be m(15). What is the greatest common divisor of 104 and k?
4
Let h be (-500)/(-30) + (-1)/(-3). Let d = -7 + h. Let r be (30/(-24))/(2/(-16)). Calculate the highest common divisor of d and r.
10
Suppose -48*y + 5*k = -46*y - 31, 0 = 5*k + 5. Let r be 1 + 1 + (1 - 1). Suppose r*p = -p + 156. Calculate the greatest common divisor of p and y.
13
Let q be 369 - (1 + -5) - -4. Calculate the greatest common factor of q and 13.
13
Let c = -687 - -808. What is the greatest common factor of c and 88?
11
Let f(o) = 5*o**3 - 74*o**2 - 8*o + 9. Let s be f(15). Calculate the highest common factor of 76 and s.
38
Suppose 6090 = 8*x + 6*x. Calculate the greatest common divisor of 30 and x.
15
Let z = -3518 + 6718. Calculate the highest common factor of z and 50.
50
Let c(s) = 3*s**2 + 6*s + 1. Let r = 7 + -2. Let l be c(r). Let u = 162 - l. Calculate the greatest common divisor of 7 and u.
7
Let j(k) = -3*k**3 + 7*k**2 + 17*k + 5. Let h be j(-3). Suppose 2*y + 40 = -o, -3*y - 2 = o + 42. Let x = h + o. What is the highest common divisor of x and 44?
22
Let n be 2/3 - (-28)/12. Suppose 16 = -n*i + 5*i. Let r(b) = 3*b - 16. Let t be r(i). What is the greatest common factor of t and 8?
8
Let o be (-35)/(2275/(-26)) + (-763)/(-5). Suppose -37 = -5*u + 4*i, -4*u - 2*i + 22 = -2*u. Calculate the highest common factor of o and u.
9
Let u be 4/(-10)*-30*6/12. Calculate the highest common factor of 342 and u.
6
Let s(r) = 4*r**2 + 7*r - 10. Let y be s(2). Let a = -116 - -256. Calculate the greatest common divisor of a and y.
20
Let b(p) = 3*p**2 + 28*p + 57. Let h(j) = -j**2 - j + 1. Let v(n) = -b(n) - 4*h(n). Let i be v(27). Calculate the highest common divisor of i and 4.
4
Let m = 1388 + -1322. Calculate the highest common factor of 253 and m.
11
Suppose -2*n - n + 2*s = 47, 2*n + 46 = 5*s. Let f = 18 + n. Let k(d) = d**3 + 2*d**2 - 3*d. Let b be k(f). Calculate the greatest common factor of 20 and b.
20
Let i = 4 - 2. Suppose -5*l - 7 + i = 0. Let j = 11 + l. What is the highest common factor of 110 and j?
10
Let i(t) = -t**3 - 5*t**2 - 7*t + 2. Let n be i(-5). Let d be (-4 - (-197)/(-3)) + 6/9. Let u be 10/4*2 - d. Calculate the greatest common factor of u and n.
37
Suppose 3*s + 9 = 87. What is the greatest common factor of s and 234?
26
Suppose -2*s - 8 = -20. Suppose 2*u - s*u + 424 = -q, 0 = 3*u + q - 311. Let l(k) = 414*k - 1221. Let g be l(3). Calculate the highest common factor of g and u.
21
Suppose 33*u - 28006 = 11*u. Calculate the highest common factor of 19 and u.
19
Suppose 3*p - 1946 = 4*a, 3*p - a = -0*p + 1949. Calculate the greatest common factor of p and 50.
50
Let m be 7/6 + (-19)/114. Let j = 14 + -10. Suppose 2*x - 3*p + 18 = j*x, -9 = -x - 2*p. What is the greatest common factor of m and x?
1
Let j(d) = 28*d - 2. Let o be j(2). Suppose -r = -4*y + 85, -y = -4*r + 9*r + 383. Let k = r + 158. Calculate the highest common factor of k and o.
27
Suppose 0 = -y - 2*f + 71, 0 = -3*y - 0*y + 5*f + 246. Calculate the highest common divisor of y and 42.
7
Let p be (0 + -4)/(36/(-126)). Let h = 4 + 10. What is the greatest common divisor of p and h?
14
Let h = -584 - -600. Calculate the greatest common factor of h and 1008.
16
Let b(t) be the second derivative of t**4/6 + 11*t**3/6 + 15*t**2/2 - 21*t. Let u be b(-9). Calculate the highest common divisor of 26 and u.
26
Suppose -6*r + 2*r + 72 = 0. Let q = r + -11. Let x(s) = -7*s**2 + 38*s - 14. Let c be x(5). What is the highest common divisor of q and c?
1
Let j = 8525 + -8495. Let q = -1 - -1. Suppose -2*m - f + 19 + 67 = q, 0 = -m + 4*f + 61. Calculate the greatest common factor of j and m.
15
Suppose 9*p - 384 = -23*p. Calculate the greatest common divisor of 2724 and p.
12
Let u = 50 - 48. Let v be 8*(4/2)/(-4). Let i = u - v. What is the greatest common divisor of 42 and i?
6
Let x(v) be the first derivative of v**3/3 - v**2/2 - 7. Let w be x(1). Suppose w = 5*t - 143 + 8. What is the greatest common divisor of 216 and t?
27
Let d = -1045 - -1059. What is the highest common factor of d and 91?
7
Suppose -5*u - 2*l + 35 = 0, 20 = -2*l - 2*l. Calculate the greatest common factor of u and 72.
9
Let y = -8 - -12. Suppose 8 = y*q, 2*q + 8 = 4*d - 2*q. Let a = d - -5. What is the highest common divisor of a and 6?
3
Let t = 107 - 35. Let j(q) = 13 + 5*q**3 - 3*q**3 - 15*q - 3*q**3 + 9 + 15*q**2. Let k be j(14). Calculate the greatest common factor of k and t.
8
Let h be (-319542)/(-285) - (-4)/5. Calculate the highest common divisor of h and 34.
34
Let d = -180 + 336. What is the highest common divisor of d and 36?
12
Let t = 1941 - 1879. Calculate the highest common divisor of 403 and t.
31
Let o(d) = -5*d**3 + 694*d**2 + 143*d - 509. Let m be o(139). Suppose -3*x - 1504 = -7*x. What is the greatest common divisor of m and x?
47
Suppose 120 = 327*t - 324*t. Suppose 4*k - 325 = -0*k - s, -2*s + 90 = k. Calculate the highest common divisor of k and t.
40
Suppose 3*l = n + 2, -4*n + 5*l + 16 - 45 = 0. Let m be (-3348)/(-99) - 2/n. Calculate the greatest common divisor of 17 and m.
17
Let i = 550 + -238. What is the greatest common factor of 48 and i?
24
Let x(f) = -3*f + 39. Let o be x(12). Let j be o - (10 + -13 + (-35 - -1)). Calculate the greatest common factor of j and 20.
20
Let a(g) = -3*g + 432. Let u be a(28). What is the highest common divisor of 12 and u?
12
Suppose 2*m = 2*